 + 8*p. Give s(-3).
9
Let s(t) = -16*t**2 + 4*t - 3. Let h(l) = -31*l**2 + 7*l - 5. Let p(u) = 3*h(u) - 5*s(u). Determine p(1).
-12
Let c(w) be the first derivative of w**5/60 - w**4/6 + 2*w**3/3 - w**2/2 + 2. Let p(x) be the second derivative of c(x). What is p(3)?
1
Let s = 23 - 21. Suppose 0 = -t + 1. Let r(l) = l - 1 - s + t. Calculate r(3).
1
Let a(u) = -4*u**3 - u**2 + 1. Let s be -1 + (-6)/6 + 0. Determine a(s).
29
Let k(t) = 7*t**2 + 2*t - 3. Let i(h) = 15*h**2 + 4*h - 7. Suppose 4*l - v - 15 = 6*l, -l + 5 = -2*v. Let b(u) = l*k(u) + 2*i(u). Calculate b(1).
-6
Suppose 0 = 3*m - 26 - 7. Let o(u) = 5 + 9 - m + 3*u + 1. Calculate o(-3).
-5
Let a(n) = -7*n + 0*n - 2*n - 1 + 5*n. Suppose -18 = 5*p + 2. Let i = p + 2. Determine a(i).
7
Let a = 12 - 15. Let b(w) = -2*w**2 - w - 1. What is b(a)?
-16
Let t(d) = d**3 - 2*d**2 - 3*d + 2. Suppose 8 + 2 = 2*c + m, -3*c - 5*m = -29. What is t(c)?
2
Suppose 4*v = -5*o + 6, 4*o + 0*o = -3*v + 5. Let b be 4/4 + v + 2. Let m(h) = h**b + 3*h - 2*h + 1 - 2*h. Determine m(0).
1
Let v(u) = u + 4. Suppose 3*r + 0 = 4*n + 14, 2*n - 2*r = -8. Let s be (-5)/n + (-3)/(-2). What is v(s)?
8
Let c be (-4)/(-20) - 23/120. Let d(s) be the third derivative of 0 + 0*s + 1/3*s**3 - c*s**6 - 1/24*s**4 + 1/60*s**5 + s**2. Determine d(2).
-4
Let d be 2*(-1)/2*-1. Let g(f) be the third derivative of 3*f**5/20 + f**4/24 - 8*f**2. Determine g(d).
10
Let a(c) = 4*c + 1 - 5*c + 4*c. Let q(r) = -r**3 - 9*r**2 - 7*r + 11. Let p be q(-8). Suppose 6 = 2*n - 5*l - p, 0 = n + 2*l. Determine a(n).
7
Let s(c) = 4*c**2 - 6 + 3 - 4*c - 6*c**2 + c**2. Let r be s(-2). Let p(v) = -1 - 5 - v**3 - 5*v + 7*v**2 + r. Determine p(6).
1
Let b(h) = -2*h**3 + 6*h**3 + 6*h + 6*h**2 + 8 - 11*h**3 + 6*h**3. Calculate b(7).
1
Let l be (0/(-2))/(-5 + 4). Let i(x) = -3*x + 6. Let s(u) = 4 - 4*u + 2 + 0. Let w(j) = 3*i(j) - 2*s(j). Calculate w(l).
6
Let k(p) be the second derivative of -p**4/12 + p**3/6 + p**2 + 6*p. Give k(3).
-4
Let i = 16 - 11. Suppose -20 = -i*v - 0. Let h(y) = -2*y + 5. Give h(v).
-3
Suppose d = -l + 11, -2*d + l + 45 = d. Let n(i) = -15 + i**3 + d + 3*i - 2*i + i**2. Give n(0).
-1
Let t(i) be the third derivative of -i**5/20 - 5*i**4/24 - 11*i**3/6 - 4*i**2. Let l(f) = -4*f**2 - 5*f - 12. Let j(b) = -4*l(b) + 5*t(b). Calculate j(7).
7
Let m(t) = t**2 - 5*t - 7. Let i be m(6). Let s(h) be the third derivative of -1/12*h**4 + 0*h + 0 - 1/24*h**6 + 0*h**5 - h**2 - 1/6*h**3. Determine s(i).
6
Suppose -3 = -w + 2*w. Let k(q) = 2*q - 1. Let p(n) = 5*n - 3. Let z(f) = -7*k(f) + 3*p(f). What is z(w)?
-5
Let z(l) be the third derivative of -l**5/20 - l**4/24 - 42*l**2. Calculate z(1).
-4
Let s(t) = -3*t + 26. Let x be s(10). Let b(i) = 2*i**2 + 5*i. What is b(x)?
12
Let w(f) = -f + 1. Let v(u) = -u + 1. Let q(y) = -4*v(y) + 3*w(y). Suppose 5 - 14 = -3*m. Calculate q(m).
2
Let y be 4/16 + 38/8. Let p(m) = 2 + 2*m + 3*m**3 + 2*m**2 - 6 + y. Give p(-1).
-2
Let v(k) = k**3 - 6*k**2 + 6*k - 3. Suppose 5*y = 3*c - 4*c + 6, y = 1. Let q(m) = c - m**2 - m + 8*m - 2. Let t be q(6). Calculate v(t).
2
Let m be 10*3*2/(-12). Let n(h) = h**3 + 6*h**2 + 6*h + 3. Calculate n(m).
-2
Let h(c) be the first derivative of 2*c**3/3 + c**2/2 - 2*c - 10. Calculate h(-3).
13
Let u(w) = -2 + 0*w**2 + 4 - 1 + w**2 + 2*w. Give u(-2).
1
Let o = 22 - 12. Suppose -2*q - o = 2. Let z(g) = -g + 2. Calculate z(q).
8
Suppose -5*r + 14 = -12*r. Let q(x) = -3*x**3 + x**2 - 2*x - 2. Give q(r).
30
Let z(r) = r - 3. Let b be 0/(1 + -5 - -7). Determine z(b).
-3
Suppose c - 7 = -k - k, -4*k - 3*c = -17. Let h(n) be the third derivative of n**4/6 - n**3/2 + 24*n**2. Determine h(k).
5
Let i(h) = -1 + h**2 + 6 + 0*h**2 - 2. Let p(m) = m + 1. Let d be p(-1). Determine i(d).
3
Let o(p) = -p - 6. Let s be (-4 + 2 - -6)*5/(-4). Calculate o(s).
-1
Let x be (-10)/(-35) + 66/14. Suppose -5*k - 6 = 4*u, -5*k + 0*u = 5*u + 10. Let l(w) = 1 + 9*w - w**3 - 6*w**2 + k*w**3 - 4 - 3*w. Give l(x).
2
Suppose -2*w = -2 + 4. Let f(h) = -6*h**2 - 2*h - 1. Let s be f(w). Let i(x) be the first derivative of -x**2 - 7*x + 84. What is i(s)?
3
Let l(v) be the second derivative of 0*v**2 + 2*v + 1/6*v**3 + 0. Calculate l(1).
1
Let v be (-4)/(-26) - (8 - (-510)/(-65)). Let a(y) be the third derivative of -y**2 + v*y + 0*y**3 + 0 + 5/24*y**4. Determine a(-1).
-5
Let j(s) = s**3 - s**2 + s + 6. Let i be j(0). Suppose -2*m - 2*n - i = 3*m, 2*m = -n - 3. Let d(c) = c**2 - c - 8. What is d(m)?
-8
Let q = 7 - 5. Let h(x) = 23*x**2 - 22*x**2 + 34 - 33 - 3*x. Determine h(q).
-1
Suppose -b + 5*v = -19, -2*v - 26 = -5*b + 23. Let l = 14 - b. Let d(s) = s - 3. Give d(l).
2
Let s(m) be the third derivative of m**4/12 + m**3/6 + m**2 - 22. Give s(-6).
-11
Let t(a) = -2 + 0 - 8*a + 1 - a. Give t(1).
-10
Let g(t) = t**3 + t - 4. Suppose -5*h + 36 = -59. Let a = h - 19. What is g(a)?
-4
Let n(v) = -v**2. Let k(u) = -5*u**2 - 3*u + 2. Let j(b) = -k(b) + 4*n(b). What is j(2)?
8
Let x be (-6)/9*(-30)/4. Let f = -1 + x. Let n(q) = 2*q**3 - q**3 + f - 2 + 3*q**2. Give n(-2).
6
Let c(l) = -l**3 + 7*l**2 + 6*l - 14. Let j(g) = -g**2 - g + 1. Let y(v) = -c(v) - 6*j(v). Determine y(0).
8
Suppose -4*c = -c - 12. Let i(g) = g + 11 + g - 3*g - 7. Let f be i(c). Let j(p) = -p - 1. Give j(f).
-1
Suppose -2 = -5*m - 12. Let i(q) be the first derivative of -q**3/3 + 3*q**2/2 + 3*q - 12. Determine i(m).
-7
Let a(h) = h**2 + h + 1. Let m(t) = -4 + 8*t**3 - 9*t**3 - 6*t + 3 - 4*t**2. Let d(z) = -5*a(z) - m(z). What is d(0)?
-4
Let y(s) = -s**3 + s. Let i(a) = 6*a**3 + a**2 + 2*a. Let n(g) = i(g) - 2*y(g). Determine n(1).
9
Let b(g) = -3*g. Let n(k) = -4*k**3 - k**2 + k + 1. Let m be n(-1). Give b(m).
-9
Let a be (4/(-6))/((-4)/18). Let q(m) = -2*m + 0 + a - 3. What is q(3)?
-6
Let f = -6 + 12. Let r(x) = x**3 - 5*x**2 - 5*x + 5. Calculate r(f).
11
Let l(y) = -y**3 + 5*y**2 + 6*y + 1. Let p be l(6). Let j be (-4)/22 - 24/(-11). Let r(m) = j*m - p + 0*m + 4. Give r(-3).
-3
Let c(r) = r - 11. Let x(j) = -3*j + 23. Let f(p) = 9*c(p) + 4*x(p). Suppose 3*w = 2*b - 14 - 5, -2*b + 29 = -5*w. Calculate f(w).
8
Let w(o) be the third derivative of o**6/24 + o**5/60 + o**4/12 + o**3/6 + o**2. Let d be -3*3/((-9)/(-8)). Let b = -9 - d. What is w(b)?
-5
Let g(t) = 3*t + 15. Let l(k) = -k - 5. Let s(p) = -6*g(p) - 17*l(p). Calculate s(-4).
-1
Let q(v) = -2*v**2 + v**2 + 10 - 16 + 7*v. What is q(4)?
6
Let w(i) = -i**3 - 3*i**2 + 3. Let d be w(-3). Let f(r) = 0 + 5*r**2 + r**3 + 4*r + 5 - d. Suppose 5*z + 9 = -1. What is f(z)?
6
Let m be (-8)/12*(3 - 0). Let i(t) be the second derivative of -t**5/20 - t**4/12 - t**3/6 - t**2 - 3*t. Give i(m).
4
Suppose 0 = -3*o + 2*z + 2, o = -4*z + 9 + 1. Let m(k) = -k**2 + 2*k. What is m(o)?
0
Suppose -3*d + d = -8. Suppose d*k = -5*t - 40, -t = -3*k + 4*t + 5. Let j(a) = -2*a. Determine j(k).
10
Suppose -3*u = 5*f - 0*u + 12, 5*u - 11 = 2*f. Let w be (0 - f/(-9))*-6. Let c(y) = -y**2 + y - 1. Give c(w).
-3
Let h(u) be the first derivative of u**2/2 - 9. Determine h(1).
1
Let j(s) = -s - 1. Let d be (-2)/(1 - 14/10). Suppose -1 - d = -g. Let o = 4 - g. Calculate j(o).
1
Let a(s) = -s**2 + 6*s - 5. Suppose -9 = 2*y - 25. Suppose 0 = i - 3*i + 4. Suppose 2 + y = i*g. What is a(g)?
0
Let g be 26/(-6) - 1/(-3). Let o(c) be the first derivative of 1/3*c**3 + 0*c - 11 + 5/2*c**2. Determine o(g).
-4
Let j = 74 + -71. Let d(b) = -b - 4. Determine d(j).
-7
Let b(h) = h**2 - 6*h - 8. Let g = 1 + -2. Let q be g/(-2) + (-22)/(-4). Give b(q).
-8
Let v(p) = -2*p - 4 + 3*p + 3. Let i(s) = s. Let c be i(1). Let g be (c/(-4))/((-2)/8). Calculate v(g).
0
Let s(o) = 3*o**2 - 4*o + 10. Let i(d) = -4*d**2 + 3*d - 11. Let v(r) = 2*i(r) + 3*s(r). What is v(6)?
8
Let w(k) = -5*k**2 + 3*k - k**2 - 9*k**2 + 2 + k**3 + 14*k**2. What is w(-2)?
-16
Let a(n) = 20*n + 8. Let m(w) = -7*w - 3. Let v(q) = 3*a(q) + 8*m(q). What is v(-1)?
-4
Let a(g) = -5*g + 2*g + 4*g - 2*g**2 + 2. Let t be a(2). Let h(j) = j**3 + 5*j**2 + 2*j - 5. What is h(t)?
3
Suppose 0 = -i + 4*i - 6. Let y(f) = 6*f - 3*f**2 + 6*f**i + 0*f**2 - 4*f**2. Calculate y(5).
5
Let b(g) = -g**3 + g**2 + 4*g - 2. Let a(n) = -n**3 + 6*n**2 + n - 8. Let j = 11 - 5. Let w be a(j). Let x(q) = q**2 + q + 1. Let r be x(w). Give b(r).
-8
Let i = 23 + -15. Let k be 6/4*i/3. Let a(g) = -g**3 + 5*g**2 